common factor of 154 and 7722?
22
What is the greatest common divisor of 625289 and 30991?
1823
Calculate the greatest common divisor of 200 and 418300.
100
Calculate the highest common factor of 260 and 69940.
260
What is the greatest common factor of 1287 and 18590?
143
Calculate the greatest common factor of 1294305 and 15.
15
What is the greatest common divisor of 22705 and 285?
95
What is the highest common factor of 40750 and 489?
163
Calculate the highest common factor of 28 and 13408.
4
What is the greatest common divisor of 2088 and 1537?
29
What is the greatest common divisor of 72 and 948264?
24
What is the greatest common divisor of 1902465 and 631?
631
Calculate the greatest common divisor of 11 and 816409.
11
Calculate the greatest common divisor of 262 and 61963.
131
Calculate the greatest common factor of 61721 and 44.
11
Calculate the greatest common divisor of 4 and 4343.
1
What is the highest common factor of 157976 and 312?
104
What is the highest common divisor of 197796 and 14204?
212
Calculate the highest common divisor of 9 and 42936.
3
Calculate the greatest common divisor of 126594 and 6.
6
Calculate the greatest common factor of 21025 and 70644.
841
Calculate the greatest common factor of 28567 and 689.
53
Calculate the greatest common factor of 476 and 48892.
68
Calculate the greatest common divisor of 331114 and 2814.
938
What is the highest common divisor of 909075 and 5?
5
Calculate the greatest common factor of 45279 and 7353.
387
Calculate the highest common divisor of 852 and 1759664.
284
Calculate the highest common factor of 1265740 and 40.
20
What is the greatest common divisor of 3537 and 698361?
393
What is the highest common divisor of 1048 and 35784?
8
Calculate the greatest common divisor of 155 and 808480.
155
What is the greatest common divisor of 52 and 94042?
26
Calculate the greatest common factor of 112 and 52612.
28
Calculate the greatest common divisor of 6588 and 369.
9
Calculate the greatest common factor of 230692 and 18404.
428
What is the greatest common divisor of 126 and 44688?
42
Calculate the highest common factor of 333 and 1369.
37
What is the greatest common factor of 340 and 105757?
17
Calculate the highest common divisor of 208929 and 168.
21
Calculate the highest common factor of 162552 and 780.
156
What is the greatest common factor of 91 and 648466?
91
What is the highest common factor of 7 and 1925?
7
Calculate the greatest common factor of 14824 and 10900.
436
What is the highest common divisor of 18244 and 4?
4
What is the greatest common factor of 1272 and 1944?
24
Calculate the greatest common factor of 240 and 10140.
60
What is the greatest common factor of 8850 and 12921?
177
Calculate the greatest common factor of 3992148 and 346.
346
What is the greatest common divisor of 194477 and 10097?
439
Calculate the highest common factor of 13 and 599.
1
Calculate the greatest common factor of 44820 and 3636.
36
What is the greatest common divisor of 7396960 and 332?
332
What is the greatest common factor of 49 and 4599?
7
What is the greatest common divisor of 4997 and 15517?
263
What is the highest common divisor of 877 and 1831176?
877
Calculate the highest common divisor of 127872 and 9792.
576
What is the highest common factor of 2012955 and 1425?
285
What is the greatest common factor of 2679 and 1128?
141
What is the greatest common divisor of 13350 and 10050?
150
Calculate the greatest common factor of 31947 and 276.
69
What is the highest common divisor of 110075 and 35?
35
What is the highest common factor of 62 and 141205?
31
Calculate the highest common divisor of 64995 and 70.
35
What is the highest common factor of 171315 and 2350?
235
What is the highest common divisor of 962 and 24245?
13
Calculate the highest common factor of 4353017 and 5403.
1801
What is the greatest common divisor of 5972565 and 15?
15
Calculate the highest common divisor of 129 and 40463.
43
What is the highest common factor of 163873 and 148?
37
What is the greatest common factor of 36010 and 1200?
10
Calculate the highest common factor of 8208 and 4050.
54
What is the highest common factor of 7711 and 209?
11
What is the highest common divisor of 996 and 67479?
249
Calculate the highest common factor of 885 and 2203060.
295
What is the greatest common divisor of 442 and 10088?
26
Calculate the greatest common divisor of 579645 and 55.
55
What is the highest common factor of 6308101 and 398?
199
What is the highest common factor of 434 and 665446?
62
Calculate the greatest common divisor of 14722 and 273223.
433
Calculate the highest common divisor of 1332892 and 132.
44
Calculate the highest common divisor of 285 and 18715.
95
What is the greatest common factor of 434 and 15562?
62
What is the highest common factor of 4872 and 672?
168
What is the greatest common divisor of 35 and 1745?
5
Calculate the highest common factor of 1046 and 4390062.
1046
What is the greatest common factor of 872 and 664?
8
Calculate the greatest common divisor of 590410 and 460.
230
What is the greatest common divisor of 170 and 85425?
85
What is the greatest common factor of 32226 and 246?
246
What is the greatest common divisor of 288 and 154296?
72
Calculate the greatest common divisor of 766981 and 23.
23
Calculate the greatest common divisor of 9192 and 27959.
383
What is the highest common divisor of 48793 and 29205?
59
Calculate the highest common factor of 45 and 3565.
5
Calculate the highest common factor of 1649 and 7760.
97
Calculate the highest common factor of 285 and 552273.
57
Calculate the greatest common factor of 798 and 169518.
114
What is the highest common factor of 9551196 and 984?
492
Calculate the greatest common factor of 171 and 376941.
57
What is the highest common factor of 2 and 32962?
2
Calculate the highest common factor of 1170 and 22515480.
1170
What is the greatest common divisor of 13226268 and 12?
12
What is the highest common divisor of 19 and 512?
1
What is the greatest common divisor of 490713 and 19?
19
What is the greatest common factor of 27141 and 21829?
83
What is the greatest common divisor of 10188 and 20?
4
Calculate the highest common factor of 545 and 135.
5
Calculate the highest common divisor of 10 and 34508.
2
What is the greatest common factor of 22017 and 369?
123
What is the highest common factor of 982 and 9251422?
982
Calculate the greatest common divisor of 261 and 238641.
87
What is the greatest common divisor of 9550 and 2350?
50
What is the greatest common divisor of 4068 and 6012?
36
Calculate the greatest common divisor of 79 and 2134896.
79
Calculate the highest common factor of 7452 and 30132.
324
Calculate the greatest common factor of 731 and 57749.
731
What is the greatest common divisor of 819651 and 7?
7
Calculate the highest common factor of 2624 and 8768.
64
What is the greatest common factor of 60 and 9403080?
60
What is the highest common factor of 55 and 2092145?
55
Calculate the greatest common factor of 350 and 4270.
70
Calculate the highest common divisor of 2604 and 79980.
372
Calculate the highest common factor of 41916 and 201.
3
Calculate the greatest common divisor of 110 and 214940.
110
Calculate the highest common divisor of 20 and 2605.
5
Calculate the highest common factor of 1000 and 256.
8
Calculate the highest common factor of 2330 and 37979.
233
Calculate the greatest common factor of 9856 and 2256.
16
Calculate the greatest common divisor of 111808 and 64.
64
What is the greatest common divisor of 79305 and 11985?
255
What is the highest common divisor of 38290 and 70?
70
What is the highest common factor of 156 and 155181?
39
What is the greatest common divisor of 942579 and 22?
11
Calculate the greatest common factor of 134 and 1943.
67
Calculate the greatest common factor of 14133 and 84.
21
What is the greatest common divisor of 90226 and 4122?
458
What is the greatest common divisor of 261 and 59160?
87
Calculate the greatest common factor of 56 and 259672.
56
What is the highest common divisor of 20882 and 214730?
394
Calculate the highest common divisor of 59 and 13815499.
59
What is the highest common factor of 104 and 8788?
52
Calculate the highest common factor of 1302648 and 72.
24
Calculate the greatest